et u(c) = -c**3 - 4*c**2 - 5*c - 2. Give u(o).
4
Let m = -51 - -54. Let y(t) = -13*t**2 + 9*t**3 + 4*t + 6*t**2 - 8*t**m + 3. What is y(6)?
-9
Let a(y) = 4 + 0*y + y**2 - 2 + y + y**3 - 3. Let m(p) = -2*p**3 + 2*p**2 + p - 1. Let z(r) = 3*a(r) + m(r). Let u = -4 - 0. What is z(u)?
-4
Let g(f) be the first derivative of 3*f**2/2 - 6*f + 21. What is g(4)?
6
Let t(l) = l**3 + 28*l**2 - 28*l + 23. Let i be t(-29). Let g(u) = u**2 + 6*u + 4. What is g(i)?
4
Let a(z) = -5*z + 25. Let n(b) = b - 6. Let v = -6 + 15. Let h(l) = v*n(l) + 2*a(l). Give h(-6).
2
Suppose 4*f = -2*v - 8 - 30, 5*f + 39 = -2*v. Let n = -20 - v. Let s(t) be the first derivative of t**3/3 + t**2/2 + 3. What is s(n)?
6
Let t(k) = -k + 3. Let x be (6/(-1) - -3) + 0. Let i = -3 - x. Suppose c + d - 5 + 2 = i, 4*c - 2*d = -6. Calculate t(c).
3
Let p(m) = -m**2 + 3. Let a be p(2). Let y(i) = 10*i**3 - i**2 + 1. Calculate y(a).
-10
Let r(s) = 57 - 67 - 1205*s + 1211*s + s**2. Calculate r(-7).
-3
Let k(n) = -n**2 - 7*n - 3. Suppose 0*a - 32 = 4*a. Let q(o) = o**2 + 7*o + 20. Let u be q(a). Suppose 3*i - 4*z = 1, -3*i - 2*z - u = i. What is k(i)?
7
Let a(j) be the second derivative of j**3/6 - 5*j**2 - 2*j. Let t = 2593 - 2584. Calculate a(t).
-1
Suppose -15 + 8 = t + 2*u, -5 = -t - 5*u. Let c(p) = 2*p + 29. Give c(t).
-1
Let v be (18/(-8)*(-4)/3)/1. Let j(w) = 6 - 5*w**2 - 2 - v - 19*w**2. Determine j(-1).
-23
Let o(z) be the first derivative of z**7/840 - z**6/180 - z**5/24 - z**4/8 + z**3 + 16. Let g(d) be the third derivative of o(d). Determine g(4).
9
Let u = 364 - 363. Let p(j) = -4*j**3 - j**2 + j. Determine p(u).
-4
Let s(j) = j**2 - 26*j + 0 - 26*j + 71*j + 1 - 20*j. Suppose 8 = -4*z - 4. Let q = 6 + z. Calculate s(q).
7
Let z(t) = -11 - 138*t**2 + 152*t**2 + 12 + 2*t. Let s(i) = i**2 + 9*i - 11. Let l be s(-10). Give z(l).
13
Let a(s) be the first derivative of -s**4/4 - 4*s**3 - 17*s**2/2 - 16*s - 54. What is a(-11)?
50
Let t(p) = -3*p**2 + 16*p - 10. Let c(m) = m**2 + 3 + 1 - 5*m - 1. Let b(d) = 8*c(d) + 3*t(d). Suppose 40 = 4*x - 0*x + 4*j, -2*x = -4*j + 10. What is b(x)?
9
Let h(s) be the first derivative of s**3/3 - 5*s**2/2 + 3*s - 20. Let r = 9 - 9. Let v = 3 - r. Determine h(v).
-3
Let h(k) = 27*k + 1. Let g(d) = 3*d**2 + 19*d - 13. Suppose -u - 1 = -2*q - 2, 0 = 4*u + 4*q + 44. Let i be g(u). Give h(i).
28
Let l be 10/8 + 2 + 2/(-8). Let h(a) = -l*a + 1 - a + 5*a - 2*a. Calculate h(2).
-1
Let y(h) = h - 1. Let c(i) = 3*i - 1. Let n be c(2). Suppose 3*g = n*b - 9 - 6, -4*b + 12 = -3*g. Give y(b).
2
Let f(b) = -b**2 + 13*b - 10. Let z be f(12). Suppose -5*h + 5*k - 17 = -2*h, 5*h = -z*k + 13. Let l(g) = 4*g**3 + g**2. Give l(h).
5
Let d(s) = -15 + 7 + s - s**2 + 8. Let l(m) = m**3 + 10*m**2 - 10*m + 2. Let c(w) = 4*d(w) + l(w). What is c(-7)?
-5
Let x(i) = -i**3 - 8*i**2 - i + 3. Let p = -39 + 64. Suppose -p + 17 = w. Calculate x(w).
11
Let c(b) = -3 - 3 + 5 - b. Suppose 3*z + 15 = 6. What is c(z)?
2
Let p(l) = 4*l**3 + 5*l**2 - 12*l - 5. Let v(z) = -z**3 + 3*z. Let q(c) = p(c) + 3*v(c). Calculate q(-5).
10
Let s(x) = x**2 + 5*x - 6. Let q = 35 - 32. Suppose -3*y + 5 = -5*p, 2*y - 11 + 33 = -q*p. Determine s(y).
-6
Let v = 28 + -23. Let d(a) = a**2 + a - 21. Let x be d(v). Suppose -9*s = -12*s - x. Let q(t) = t**3 + 3*t**2 - 3*t - 3. What is q(s)?
6
Suppose 2*t - 3*j + 2 = -1, t - 26 = -4*j. Let l(m) = -3*m**2 + t*m**2 - 2 - m**2 - 2*m. Suppose 2*z - 4*c = -0*z - 16, 5*c - 15 = 5*z. Give l(z).
2
Let b(o) = -17*o - 1. Let y = -721 - -722. What is b(y)?
-18
Suppose 32 = 6*o - 10. Let b(c) = 13*c - 7. Let i(p) = -p. Let v(s) = -b(s) - 6*i(s). Let n(u) = 8*u - 8. Let j(k) = o*v(k) + 6*n(k). Calculate j(4).
-3
Let r be ((-24)/(-14))/((-14)/(-49)). Let j(s) = 5*s - 5. Let d(m) = -m. Let z(w) = r*d(w) + j(w). Let v be z(-5). Let p(l) = -l - 8. Calculate p(v).
-8
Let f = 132 - 236. Let i = f - -108. Let y(x) = x**2 - x - 4. Determine y(i).
8
Let x be 11/(11/(-4)) - 32/(-4). Let l(d) = 2*d**2 - 4*d - 5. What is l(x)?
11
Let w(s) = s + 8. Let u be (-20 - -5)*2/3. What is w(u)?
-2
Suppose 19 = -v + d + 4*d, 0 = 2*v - d - 7. Suppose t + t - v = 0. Let i(h) = -5*h**2 + 10*h. Let n(z) = z**2 - z - 1. Let c(g) = -i(g) - 4*n(g). What is c(t)?
-5
Let x(f) = f**3 + 10*f**2 + 2*f + 10. Let w(l) = -l**3 - 9*l**2 - 2*l - 8. Let z(u) = 5*w(u) + 4*x(u). What is z(-5)?
10
Let a = -1 - 4. Let k = a + 6. Let v(x) = 19*x**2 - 9*x**3 - 8*x**2 - 9*x**2 - 1 + 6*x**3. Determine v(k).
-2
Let t(s) = s**3 + 6*s**2 - 3. Let b be t(-6). Let g(c) = -3*c**3 - 4*c**2 - c + 2. What is g(b)?
50
Let k(m) be the third derivative of 2/3*m**4 + 21*m**2 + 0 + 1/6*m**3 + 0*m. Determine k(1).
17
Let p(j) = -j**2 - 9*j + 9. Let f(d) = 6*d - 3. Let a be f(-1). Calculate p(a).
9
Suppose -6*r + 4*r = 3*u + 25, 4*u = -20. Let g(i) = -i**2 - 10*i - 10. Calculate g(r).
15
Let f(g) = -13*g**2 + 889*g - 1775*g + 886*g + 1. What is f(-1)?
-12
Let x(j) be the first derivative of 4*j**2 - 2*j + 28. What is x(-3)?
-26
Let d(x) = -4*x + 6. Let j(q) = 8*q - 15. Let o(n) = 5*d(n) + 2*j(n). What is o(1)?
-4
Suppose -36*t = -43 - 245. Let s(y) be the second derivative of y**4/12 - 7*y**3/6 + 5*y**2 - 4*y. What is s(t)?
18
Let m(l) be the first derivative of l**2/2 - 23*l + 169. Calculate m(0).
-23
Let w be (-52)/(-10) - 1/5. Suppose u - w*u = 16. Let t(n) = -3*n**2 + 5*n + 4. Let h(d) = 2*d**2 - 4*d - 4. Let q(f) = u*h(f) - 3*t(f). Calculate q(0).
4
Let t(y) = 12630*y**3 - 3*y + 7*y**2 + 1 - 3 - 12629*y**3. Give t(-7).
19
Suppose -80*v = -29*v - 153. Let d(m) be the second derivative of 15*m + 0*m**v + 0 + 1/6*m**4 - 1/2*m**2 + 1/10*m**5. Calculate d(-1).
-1
Let c be (-4)/((-6)/(-3)) + 6. Let r(z) be the third derivative of z**4/24 - 5*z**3/6 + 97*z**2. Give r(c).
-1
Let k(p) = p**3 + 8*p**2 - 9*p - 4. Let o be k(-9). Let y(v) be the second derivative of v**3/6 + v**2/2 - 138*v + 2. Give y(o).
-3
Let r(p) = -2*p**3 + 11*p**2 + 7*p + 9. Let d be r(6). Let n(z) = -2*z + 26. Let a be n(d). Let v(f) = -f**3 - 3*f**2 + 5*f + 4. What is v(a)?
0
Suppose -3*l = -2*d - d - 3, -2 = -2*d - 2*l. Let y = 4 - d. Let n(v) = -5*v + 0*v - 2*v + 5*v. Give n(y).
-8
Suppose -2*n - l = -16, 10 = 5*n - 0*n - 5*l. Let h be 3*(-2)/n*(-1 + 2). Let g(x) = -x**3 - x**2 + x + 1. Determine g(h).
0
Let j be 1 - (-1)/(-4) - (-20)/16. Suppose 25 - 15 = j*b. Let m(k) = -k**3 + 4*k**2 + 7*k - 5. What is m(b)?
5
Let g(k) = -25*k - 51. Let d(w) = 9*w + 17. Let o(h) = 11*d(h) + 4*g(h). Determine o(-12).
-5
Let h(z) = z**3 - 10*z**2 + 8*z - 12. Let m be 4/(-2)*-4*(-72)/(-64). Determine h(m).
-21
Let g(d) be the first derivative of -d**3/6 + 4*d**2 - d - 3. Let o(u) be the first derivative of g(u). Give o(7).
1
Suppose 5*x + 1 - 6 = 0. Let h(d) be the third derivative of d**4/8 + d**3/6 + 9*d**2. What is h(x)?
4
Let c(n) = n**3 - n + 6. Let f be (2 + -3)*-1 + 3. Let y = 6 - f. Suppose 4 = -y*o + o - 2*a, -o = -a - 2. Calculate c(o).
6
Suppose 19*w + 25 - 63 = 0. Let o(s) = -4*s**3 + 3*s**2 + 2*s - 4. What is o(w)?
-20
Let r(u) be the third derivative of u**5/60 - 5*u**4/24 - u**3/2 - 4*u**2. Let o = -19 + 24. Determine r(o).
-3
Let v(f) = -f**2 - 2*f - 8. Suppose -s + 8 = 5*r - 2, 5*r = -2*s + 10. Give v(s).
-8
Suppose -5*m + 0*m + 25 = 0. Let w(s) = 2 - 3*s**3 + 14*s**2 - 20*s**2 + 4*s**3 - 41*s + 45*s. What is w(m)?
-3
Let n(t) = -2 - 7*t**2 - t**3 + 6*t**2 + 2*t**2 + 5*t + 2*t**2. Let r(o) = o**2 + 14*o - 12. Let w be r(-15). Give n(w).
13
Let m(r) = -r**2 - 2*r. Let t be 346/(-14) - 14/49. Let w = -29 - t. Give m(w).
-8
Suppose 3*f = -1 + 1. Let i(y) = -y + 4. Calculate i(f).
4
Let m(l) = l**2 + l + 1. Let d(h) be the first derivative of 2*h**3 + 11*h**2/2 + 8*h - 13. Let p(u) = -d(u) + 5*m(u). Determine p(-4).
5
Let b(w) = 225 - 2*w**2 + w**2 + 4*w - 220. Let y be ((-11)/1)/(3 - 2). Let s = 15 + y. Determine b(s).
5
Let w(v) = -6*v**2 + 2*v - 2. Suppose 22 = h + 5*j - 0*j, -3*h - 3*j = -18. What is w(h)?
-22
Suppose -16 = -6*x + 2*x. Let z(l) = -5*l - 12. Let r(m) = m + 1. Let q(d) = x*r(d) + z(d). Determine q(-8).
0
Let f(b) be the second derivative of -5*b**3/6 - 3*b**2/2 - 226*b. Calculate f(-6).
27
Suppose 13 = -10*k + 14*k - 3*d, 5*k + 5*d - 60 = 0. Let t(r) = -r**3 + 9*r**2 - 14*r + 3. What is t(k)?
3
Let k(g) = g**2 + 4*g + 2. Let v(q) = 3*q. Let r(x) = k(